4*u - 37 - 127. Calculate the highest common factor of 224 and n.
16
Let q = 19 + -20. Let u be 1/q + 9 + 0. What is the greatest common factor of u and 1?
1
Let u(h) = 13*h**2 + 32*h + 180. Let n be u(-5). What is the highest common factor of n and 115?
115
Let u be 6/(-15) + 539/35. Let g = -12 + u. What is the greatest common divisor of 9 and g?
3
Suppose -4*m = -4*h - 112, -4*m + 2*h + 105 + 11 = 0. Calculate the greatest common divisor of m and 285.
15
Let f = 22 - -18. Let d(n) = n**2 + 7*n - 12. Let r be d(4). Let p = r - 16. Calculate the highest common factor of p and f.
8
Let q = -413 - -421. Calculate the highest common divisor of 88 and q.
8
Suppose -3*q = -4 - 8. Suppose 47 = 3*u + 2*h + 2*h, -4*h = q*u - 56. Let i(b) = b**2 - 9*b + 2. Let k be i(u). What is the highest common divisor of k and 14?
2
Suppose 0 = -9*b + 4*b + 1175. Suppose 7*i - b = -67. Calculate the greatest common divisor of 192 and i.
24
Let p be 256/(-192)*2/(2/(-9)). Calculate the highest common divisor of p and 42.
6
Suppose 5*s = v + 21, 3*s - v - 9 - 2 = 0. Let p be 18/(6*s/15). Calculate the greatest common divisor of 12 and p.
3
Suppose 0 = 31*x - 219 - 1362. What is the highest common divisor of x and 323?
17
Let z(s) = -50*s - 334. Let a be z(-7). Let b be 3/5 - 2/(-5). Calculate the greatest common factor of a and b.
1
Let j = 379 - 154. Suppose j = 3*q + 2*q. Suppose 5*o + 4*n - 2*n = 38, -5*o + 5*n = -q. Calculate the greatest common divisor of o and 8.
8
Let g be (0 + -1 + -38)*(-8)/12. Calculate the greatest common factor of 130 and g.
26
Let p = 15 + -20. Let w be (448/70)/(1/p). Let r = -23 - w. Calculate the greatest common divisor of 63 and r.
9
Let z(i) = -i**3 + 10*i**2 + 2*i - 21. Let q be z(10). Let c be ((-3)/(-1) - q) + 37. Calculate the highest common factor of c and 82.
41
Suppose -19*k + 14*k = -25. Let u(r) = 3*r**2 - 14*r + 15. Let s be u(k). Calculate the greatest common divisor of s and 60.
20
Let y = 72 + -20. Let i(b) = 2*b + 2. Let g be i(-14). Let h = g + y. What is the highest common factor of h and 286?
26
Let f be (-8)/20 + 14/10. Suppose -v + 7 = -f. Suppose 119 - 39 = 4*x. Calculate the highest common factor of v and x.
4
Let d = 142 - -222. Calculate the greatest common factor of 455 and d.
91
Suppose 3*l = l + 72. Let t(m) = 3*m + 24. Let o be t(-4). What is the greatest common divisor of o and l?
12
Let r = 1619 + -358. Calculate the greatest common divisor of r and 39.
13
Let j = -74 - -76. Let d be (-48)/(-1)*9/6. Suppose -3*u + d - 24 = 0. Calculate the greatest common divisor of u and j.
2
Suppose -u - 2*t = -114, -14*u - 3*t = -15*u + 99. What is the highest common factor of 54 and u?
54
Let x = 659 + 2731. What is the highest common factor of 30 and x?
30
Let y = -869 - -1301. What is the highest common divisor of y and 32?
16
Let h = 8 + -11. Let q be (1 - 33/(-15))*(-595)/(-14). Let a be q*1 - (h + 6). Calculate the greatest common factor of 19 and a.
19
Let j = -22 + 56. Suppose -117 + 202 = 5*b. What is the highest common divisor of j and b?
17
Suppose -f = -5*f + 68. Let d(k) = 15*k - 104. Let g be d(16). Calculate the highest common factor of g and f.
17
Let l be 3/24 + 31/8. Suppose -2*d + 0*d - l*f + 40 = 0, -4*d = 4*f - 60. Calculate the highest common divisor of 50 and d.
10
Let o be 7007/196 + 2/8. What is the greatest common factor of 1080 and o?
36
Let h = -73 - -147. Suppose 591*l = 580*l + 407. What is the highest common factor of l and h?
37
Let q = 6 + 50. Let o be (0 - q/10)*-5. Suppose -3*j + 582 = -2*z, 10*j + 3*z - 989 = 5*j. What is the highest common divisor of o and j?
28
Suppose -4*o + 2*r = -4070, 5*o - 1582 - 3507 = 2*r. Suppose 81 = 5*b - o. What is the greatest common factor of 20 and b?
20
Suppose 31*g - 211 - 502 = 0. Suppose 3*m = p + 3*p - 659, -4*p - 2*m = -634. Calculate the highest common factor of g and p.
23
Let s = 131 + -120. Calculate the highest common divisor of 33 and s.
11
Suppose 0*f + 3*f - 48 = 0. Let v = f - 13. Suppose u = -v*u + 836. What is the highest common factor of u and 19?
19
Suppose 918 = -39*a + 48*a. What is the highest common factor of a and 24?
6
Let m(w) = -w**3 - w**2 + 3. Let h be m(0). Suppose -5*y + 14 = 4*s - 59, h*y + 2*s - 43 = 0. What is the highest common factor of 143 and y?
13
Let d be (-212064)/(-329) + 4/(-7). Calculate the greatest common divisor of 138 and d.
46
Suppose 0 = 2*t - 7*t + 10. Let x be (t - 17)/(6/(-22)). What is the highest common factor of 5 and x?
5
Let u be (-7)/(-21) + (-28)/(-6). Suppose -2*c - 11 + 57 = 4*x, -5 = x - u*c. Calculate the highest common factor of 80 and x.
10
Suppose 0 = -2*z + 6*z + n - 51, -5*z + 67 = -2*n. Calculate the highest common factor of 130 and z.
13
Suppose 2*j - 636 = -2*i, 0 = -3*j + 5*j + i - 638. Calculate the greatest common divisor of 112 and j.
16
Suppose -2*k + 2*w = -4*k + 46, -4*k + 2*w = -68. Let c be (-30)/(-34) - (-3)/153*6. What is the greatest common divisor of c and k?
1
Let f(y) = y**2 + 45*y + 96. Let o be f(-56). What is the greatest common divisor of 89 and o?
89
Let m be (-7)/(28/(-16)) - 0. Suppose -o + 30 = -0*o + 4*p, 2*p - 92 = -m*o. Calculate the greatest common divisor of 2 and o.
2
Let j = -88 - -46. Let g = 213 + j. Let h = 46 + -27. What is the greatest common factor of g and h?
19
Let h(a) = -2*a**2 - 3*a - 1. Let n be h(-2). Let d be 15 + (-3)/(-3) + n. Calculate the greatest common divisor of 26 and d.
13
Let x(n) be the second derivative of n**5/20 - 11*n**4/12 + 3*n**3/2 + 10*n**2 + 4*n. Let k be x(10). Calculate the highest common factor of k and 4.
2
Let g(a) = -2*a**3 + 25*a**2 - 24*a + 1. Let n be g(11). What is the greatest common factor of n and 4?
4
Let b = 245 + -163. What is the greatest common divisor of 205 and b?
41
Suppose 6*y + 48 = 18*y. Let v be y/26 - (-1664)/169. Let n = -18 + 48. What is the greatest common factor of v and n?
10
Let t = -79 + 689. Suppose -4*x - t = 898. Let q = 542 + x. What is the highest common factor of 15 and q?
15
Let l = 1 - -9. Let k(y) = -5*y**3 - 5*y**2 - 7*y - 2. Let d be k(-1). Calculate the greatest common factor of l and d.
5
Let a(d) = -d**3 + 6*d - d + 10*d**2 + 10*d + 5 - 2*d. Let w be a(11). What is the greatest common divisor of 45 and w?
9
Suppose 4*u - 224 = -24*u. Suppose 2*a = -2*y + 36, -a + 56 = 3*a - 4*y. Calculate the highest common divisor of a and u.
8
Let k = -21 + 53. Let n = -24 + k. Let a(y) = y**3 + 5*y**2 + y + 7. Let u be a(-5). Calculate the greatest common divisor of u and n.
2
Suppose -2*f = 4 - 0. Let d be f/6 - (-232)/12. Suppose -7*t + 4*t + 570 = 0. Calculate the highest common divisor of t and d.
19
Suppose 27 = -4*h + 11. Let q(c) = c**3 + 4*c**2 + 2*c - 2. Let r be q(h). Let x be ((-42)/10)/(2/r). What is the highest common divisor of x and 14?
7
Let z(h) = h**2 + 13*h + 9. Let b be z(-12). Let g be (-301)/(-4) + b/(-4). Suppose -4*p + 56 = -20. What is the greatest common factor of g and p?
19
Let q(i) = 3*i - 1. Let p be q(5). Suppose 0 = -9*s + p*s. Let z be 0 + 2 - (s - -1). Calculate the highest common factor of z and 7.
1
Let v = -1021 + 1296. What is the greatest common factor of v and 121?
11
Suppose -135 - 18 = -3*w. Let a = -36 + w. Calculate the greatest common factor of 5 and a.
5
Let v = -45 + 205. Suppose 4*o = -5*t + 184, -t + 17 = 5*o - 24. Let r = t - 20. Calculate the highest common factor of r and v.
16
Let o = 483 - 288. Calculate the highest common divisor of o and 78.
39
Let y(k) = -k**2 + 19*k + 5. Let o be y(19). What is the highest common factor of 35 and o?
5
Suppose 651 = 8*c - 21. Suppose -p = -2*p + 3*g + c, 3*p - 4*g - 262 = 0. What is the highest common divisor of p and 10?
10
Let v = -144 - -199. Calculate the greatest common factor of v and 22.
11
Let o(f) = 47*f - 216. Let x be o(8). What is the greatest common factor of x and 60?
20
Suppose -19*w + 6*w + 260 = 0. Calculate the greatest common divisor of w and 1940.
20
Let n be 5 - (-2 - (-236)/(-2)) - 6. Calculate the highest common divisor of n and 170.
17
Let u = 16 + -12. Suppose -12 = t - u*t. Suppose r = -5*h, -7 = t*h + 5. What is the highest common divisor of r and 45?
15
Let u = -107 - -111. Suppose -5*v = 4*h - 37 - u, -h - 10 = -v. Let m(j) = j**2 + 5*j. Let f be m(4). What is 